3 (base 13) in base 14?
-1627
What is 6100 (base 7) in base 8?
4073
Convert 10bd (base 14) to base 5.
43121
What is -40ac (base 14) in base 12?
-6534
-11404 (base 5) to base 4
-31112
-407 (base 9) to base 3
-110021
13817 (base 12) to base 9
41141
10044 (base 5) to base 2
1010001001
986b (base 12) to base 14
6191
Convert 1604 (base 10) to base 5.
22404
What is -119 (base 12) in base 2?
-10100101
b044 (base 15) to base 16
9145
What is -24160 (base 7) in base 3?
-22121001
Convert 100111100 (base 2) to base 13.
1b4
What is 130 (base 8) in base 2?
1011000
28250 (base 9) to base 11
1343a
What is -3409 (base 16) in base 15?
-3e31
1100100011000 (base 2) to base 10
6424
41224 (base 5) to base 2
101010000001
-74a8 (base 11) to base 14
-3887
Convert 2d36 (base 16) to base 9.
16780
2ff (base 16) to base 10
767
Convert -201100 (base 4) to base 6.
-13504
-12203 (base 5) to base 3
-1021101
-17d0 (base 15) to base 11
-3958
What is 71450 (base 8) in base 7?
151643
9a8 (base 11) to base 10
1207
Convert -249 (base 14) to base 12.
-321
279 (base 14) to base 7
1312
141203 (base 5) to base 9
7857
2904 (base 12) to base 9
6464
Convert cde (base 15) to base 4.
231131
What is 870 (base 12) in base 2?
10011010100
What is 72 (base 11) in base 4?
1033
Convert 14010 (base 7) to base 4.
323010
-33 (base 15) to base 6
-120
-101222 (base 7) to base 15
-51ae
What is 12224 (base 12) in base 14?
8d08
Convert -899c (base 14) to base 11.
-16a16
842 (base 9) to base 11
574
-1a6 (base 11) to base 8
-355
What is -270 (base 11) in base 8?
-477
-4413 (base 11) to base 14
-219c
What is -22 (base 14) in base 16?
-1e
Convert -3a53 (base 12) to base 2.
-1101000011111
What is 432 (base 12) in base 6?
2502
-11111001 (base 4) to base 10
-21825
Convert -7469 (base 15) to base 11.
-17556
Convert -16574 (base 9) to base 8.
-26217
What is 60026 (base 7) in base 2?
11100001011010
What is 100111010011 (base 2) in base 15?
b2a
What is 7285 (base 10) in base 9?
10884
What is -41a2 (base 11) in base 5?
-134212
Convert 9969 (base 15) to base 3.
1122120200
1010000010001000 (base 2) to base 10
41096
Convert -110101010100 (base 2) to base 13.
-1726
-365 (base 11) to base 7
-1160
Convert 1202 (base 6) to base 8.
442
-1237 (base 9) to base 7
-2461
What is 101100010 (base 2) in base 10?
354
3605 (base 11) to base 9
6428
1261 (base 7) to base 6
2124
112003 (base 5) to base 2
111110100011
What is -13d1 (base 14) in base 16?
-dbb
Convert -16661 (base 8) to base 6.
-55105
-5a86 (base 11) to base 15
-2559
What is 18236 (base 11) in base 7?
134356
Convert 44201 (base 5) to base 6.
22043
56240 (base 8) to base 4
11302200
Convert -30042 (base 5) to base 4.
-131221
Convert -11011101001 (base 2) to base 8.
-3351
What is 3821 (base 15) in base 8?
27264
What is -2821 (base 9) in base 8?
-4115
-619 (base 12) to base 14
-473
What is -969 (base 14) in base 15?
-83c
-445045 (base 6) to base 7
-214013
-332 (base 9) to base 6
-1132
What is -358 (base 9) in base 5?
-2141
-1069 (base 11) to base 6
-10302
What is 63 (base 14) in base 6?
223
-616 (base 9) to base 3
-200120
Convert 11000100100010 (base 2) to base 11.
94a5
What is 100100101 (base 2) in base 16?
125
Convert -14133 (base 5) to base 2.
-10010010000
-37b3 (base 14) to base 6
-113105
Convert -1000000000 (base 2) to base 5.
-4022
4234 (base 12) to base 6
53304
Convert 100010 (base 2) to base 6.
54
What is -7211 (base 8) in base 7?
-13564
302 (base 11) to base 2
101101101
What is -246 (base 13) in base 16?
-18c
Convert 1100111111 (base 2) to base 4.
30333
Convert -121112202 (base 3) to base 16.
-2f1e
-1273 (base 11) to base 7
-4551
-5503 (base 10) to base 2
-1010101111111
-2998 (base 14) to base 8
-16332
What is 1270 (base 9) in base 4?
32322
What is -21205 (base 10) in base 14?
-7a29
-435 (base 9) to base 8
-544
-2464 (base 11) to base 5
-100331
What is -3024023 (base 5) in base 8?
-136776
What is -743 (base 11) in base 14?
-47c
What is 2022331 (base 4) in base 11?
6755
What is cda (base 14) in base 5?
40134
1d0 (base 15) to base 12
2b0
Convert 4ce (base 16) to base 13.
738
-81 (base 13) to base 14
-77
Convert 101011011100111 (base 2) to base 14.
8171
Convert -21de (base 15) to base 3.
-100212002
Convert -6335 (base 13) to base 12.
-7b45
Convert -780 (base 9) to base 10.
-639
What is 1095 (base 10) in base 9?
1446
What is 46489 (base 10) in base 6?
555121
Convert 32064 (base 11) to base 7.
253010
What is 51416 (base 8) in base 10?
21262
What is -68312 (base 10) in base 16?
-10ad8
-4fc (base 16) to base 8
-2374
What is 9b8 (base 12) in base 3?
1222012
Convert -120102101 (base 3) to base 16.
-2bea
Convert -1ab22 (base 14) to base 15.
-15262
-211 (base 13) to base 10
-352
What is -75056 (base 10) in base 16?
-12530
23311001 (base 4) to base 15
e54e
What is -a7b (base 13) in base 16?
-700
22c (base 14) to base 9
530
What is 4016 (base 10) in base 5?
112031
-1a7 (base 11) to base 13
-154
Convert -18764 (base 9) to base 10.
-13018
Convert 2121201 (base 3) to base 10.
1909
-6005 (base 16) to base 10
-24581
What is -10222202 (base 3) in base 10?
-2909
Convert 265a (base 14) to base 2.
1101001011000
Convert 101111000110110 (base 2) to base 11.
17136
What is 1001011010 (base 2) in base 15?
2a2
Convert -7b3 (base 12) to base 7.
-3222
What is -1032 (base 12) in base 6?
-12102
1011110110100 (base 2) to base 12
3618
100101111 (base 3) to base 4
1222330
Convert -31b (base 12) to base 3.
-121212
What is 462 (base 7) in base 10?
240
Convert -114121 (base 5) to base 8.
-10276
Convert -66761 (base 8) to base 7.
-145025
Convert -17235 (base 10) to base 4.
-10031103
What is -429 (base 15) in base 14?
-4b1
What is 240013 (base 5) in base 4?
2020312
Convert 554 (base 9) to base 16.
1c6
1d90 (base 14) to base 2
1010100101010
What is -a72 (base 12) in base 13?
-905
Convert 9c86 (base 13) to base 7.
120611
-9aa (base 13) to base 3
-2021112
What is 489 (base 11) in base 12?
405
Convert -2000002 (base 4) to base 5.
-230234
-70270 (base 8) to base 5
-1410411
Convert 362 (base 15) to base 16.
2ff
What is 103241 (base 5) in base 12?
2097
Convert b05 (base 15) to base 10.
2480
Convert -377 (base 11) to base 8.
-677
What is -21020 (base 4) in base 13?
-35c
What is -1022022110 (base 3) in base 15?
-7963
What is 589 (base 16) in base 10?
1417
Convert 10002100 (base 3) to base 4.
203022
What is -310133 (base 5) in base 12?
-598b
-8683 (base 9) to base 7
-24432
-1038 (base 11) to base 10
-1372
What is -100011111 (base 2) in base 6?
-1155
Convert -10210102 (base 3) to base 4.
-223031
-1012201000 (base 3) to base 11
-16a04
What is -57750 (base 9) in base 14?
-10076
What is 25 (base 15) in base 6?
55
Convert 221 (base 10) to base 15.
eb
-1444330 (base 5) to base 8
-74757
Convert -1641 (base 7) to base 4.
-22122
Convert 5314 (base 6) to base 4.
102232
2bb1 (base 14) to base 4
1321313
What is a9f (base 16) in base 11?
2052
What is -2015 (base 6) in base 13?
-281
10434 (base 5) to base 11
617
What is 1000022022 (base 3) in base 6?
232055
What is -18 (base 16) in base 7?
-33
2114434 (base 5) to base 2
1000101100100011
What is 726 (base 11) in base 3?
1012102
What is -1a1 (base 11) in base 5?
-1412
What is -310011 (base 4) in base 13?
-1695
What is -354400 (base 6) in base 13?
-11046
What is 10000111101 (base 2) in base 16?
43d
-5ed6 (base 15) to base 5
-1121401
What is 209 (base 12) in base 7?
603
11302 (base 4) to base 14
1c6
Convert -12a0 (base 12) to base 4.
-201120
-8a15 (base 16) to base 13
-13122
7580 (base 13) to base 12
9548
1000010110011 (base 2) to base 3
12212100
What is 12022101 (base 3) in base 14?
15a7
33a3 (base 11) to base 13
205a
Convert -1120211212 (base 3) to base 5.
-1444420
-20220111 (base 3) to base 14
-1b99
What is -1dc (base 14) in base 16?
-186
-22122112 (base 3) to base 15
-1d05
What is 1002112 (base 3) in base 13?
494
What is 1125440 (base 6) in base 7?
331614
Convert 45a7 (base 11) to base 2.
1011110011110
What is -605 (base 10) in base 8?
-1135
Convert -546 (base 7) to base 6.
-1143
b01 (base 13) to base 5
24420
What is 21211200 (base 3) in base 10?
5715
1110010000111 (base 2) to base 7
30202
Convert -101123 (base 4) to base 10.
-1115
What is -2159a (base 11) in base 16?
-7a5f
89b (base 16) to base 4
202123
What is -9356 (base 11) in base 13?
-5851
Convert -12401 (base 7) to base